 b be (-2 + (-6)/(-3))/(-2). Suppose -30 = 5*a - 3*c, 3*a + 3*c + b*c = -42. Let y(u) = -3*u + 4. Is y(a) composite?
False
Let m = 346 - 551. Let s = m + 290. Is s a composite number?
True
Let s(a) = -8*a**3 + 13*a**2 - 32*a - 21. Let w(q) = 3*q**3 - 4*q**2 + 11*q + 7. Let o(n) = 4*s(n) + 11*w(n). Is o(-8) a composite number?
True
Let r = -1 - -5. Suppose r = -g + 7, -2*g = 5*d - 101. Is d a prime number?
True
Suppose 3*s + 4*j = 161, -3*s + 104 = -s + j. Is s composite?
True
Let d be (-4)/(-14) - 519/(-21). Suppose -2*c - 4*j + d = -c, -2*c + 14 = -4*j. Is c a composite number?
False
Let l = -683 + 1102. Is l a prime number?
True
Let a = -570 + 943. Is a prime?
True
Let p = 25 - -34. Is p a composite number?
False
Let s(j) = j + 5. Suppose -3*w = -4*w - 3. Let q be s(w). Suppose -q*r - 5*y = 1, -3*r - y = -5 - 13. Is r a prime number?
True
Let o be 32/2*(-2)/2. Let d(f) = -f**3 - 12*f**2 + 15. Let t be d(-12). Let y = t - o. Is y a composite number?
False
Suppose 0 = -j - 4*x + x - 22, -3*x = -2*j - 8. Is 325/j*(-12)/10 a composite number?
True
Let x be 1*2*1/2. Let k(q) = -38*q + 1. Let h be k(x). Let z = 70 + h. Is z composite?
True
Let i(b) = -b**3 - 2*b**2 + 3*b - 3. Let n be i(-3). Is 2/n + (-308)/(-12) a prime number?
False
Let w be (0 - (0 - -2))*-1. Suppose x + 11 = -4*h, -3*x - 25 = 2*h + w*h. Is 6/(-21) - 597/x a prime number?
False
Let k(h) = h**2 - 3*h + 3. Let j be k(3). Is (1 + 0/j)*7 composite?
False
Suppose -2*q = 5*p - 923, 0 = -q - 0 - 1. Is p a composite number?
True
Let k(m) = 2*m**2 - 5*m - 5. Let c be k(-5). Let l = 489 - c. Is l a composite number?
False
Let s = 101 - -80. Suppose 3*o = -3*g + 561, 0*o = g - 2*o - s. Suppose f = 6*f - g. Is f prime?
True
Suppose 4 + 10 = 2*w + 4*o, 2*o + 5 = -5*w. Let l = -16 + w. Let q = l + 57. Is q a composite number?
True
Suppose 5*d - k = 9650, -6*d - 2*k = -d - 9665. Is d a prime number?
True
Suppose -2*x = -4*k + 24, 3*x + 28 = k + 4*k. Suppose -3*l + k = l. Suppose l*u = -3*u + 235. Is u a composite number?
False
Let g = -2 + 5. Suppose 0 = -4*x + x + g*y - 3, 0 = -3*x + 2*y - 4. Let r = x + 5. Is r a prime number?
True
Let x(p) = 11*p**2 + p + 1. Let c be x(-2). Let z(s) = 3*s**3 - 5*s**2 + 2*s. Let h be z(3). Let m = h + c. Is m a prime number?
False
Suppose -4*h = -2*y - 1574, h - 793 = -h + 3*y. Let g be (-2)/5 - h/(-5). Suppose 5*j - g = 17. Is j prime?
True
Let i = 7 + -3. Let k(h) = h**2 - 5*h. Let y be k(i). Let l(p) = p**3 + 4*p**2 - 7*p - 6. Is l(y) prime?
False
Let y = 500 - 336. Let i = y + -111. Is i a prime number?
True
Let f(m) = m**2 + 6*m + 3. Let u be f(-2). Let t(i) = 20*i**2 - 2*i - 5. Is t(u) prime?
False
Suppose -6*h + h = -555. Is h prime?
False
Let j(c) = -c**2 + 4 + c - 3 + 2*c**2 - c**3 + 0*c. Let i be j(-1). Suppose -3*u + 83 = -5*t, 4*t = i*u - 5*u + 74. Is u prime?
False
Suppose -7*i + 5257 = -0*i. Is i composite?
False
Is (-8)/28 - 1166/(-14) a composite number?
False
Suppose -9*u + 6309 = -0*u. Is u a composite number?
False
Let z = -19 - -41. Let f(t) = -32*t**3 - 2*t - 1. Let y be f(-1). Let h = y - z. Is h a composite number?
False
Let p(t) = 1 + 4*t**2 - 2 + t**3 + 2*t - 4*t**2. Is p(2) prime?
True
Suppose 0 = -2*y + 2*b + 12, 4 - 1 = -3*y - 4*b. Suppose y*d + 36 = 102. Is d a prime number?
False
Let j(c) = 6*c**3 + 4*c**2 - 4*c - 1. Is j(3) prime?
False
Let f be 6*4*1/6. Suppose -6*m + m = c - 56, 0 = -f*m + 3*c + 41. Is m a composite number?
False
Let f(a) = 57*a**3 + 1. Is f(1) prime?
False
Let d be ((-3)/(-5))/((-2)/10). Let b be (-2)/3*(d - 0). Is (-588)/(-8) + b/4 a composite number?
True
Let t(n) = n**3 - 2*n**2 - 7*n + 11. Is t(6) composite?
False
Let u(j) = -j + 2. Let q be u(4). Let m be (-148)/(-28) + q/7. Suppose 6 + m = i. Is i a prime number?
True
Let b(z) = -4*z**3 - 3*z - 1. Let s = 7 - 2. Suppose -4 = s*r + 6. Is b(r) a composite number?
False
Let g = 321 + -222. Suppose 497 = 4*x - g. Is x a prime number?
True
Let g be 2/3*9/2. Suppose -3*l + g*t - 3 = 0, 2*t + 17 = 4*l + 5*t. Suppose 0*v - l*v + 68 = 0. Is v a prime number?
False
Suppose 0 = -5*p + p. Suppose p = 5*l + 215 + 95. Is (3 + l/3)*-3 prime?
True
Let d(i) = -141*i - 4. Let r be d(3). Let z = -236 - r. Is z a composite number?
False
Let i = 174 - 84. Let u = i - 19. Is u a prime number?
True
Is (-8074)/(-6) + (-20)/(-60) composite?
True
Let z = -8 - -6. Let u be (0 + 9/(-6))*z. Suppose -5*g + u*g = -62. Is g composite?
False
Suppose -7*n = -3*n + 296. Is ((-6)/(-6))/((-2)/n) composite?
False
Suppose 9*w - 4*w - 25 = 0. Suppose 1 = -2*d + w, 4*a = 4*d + 84. Is a a composite number?
False
Let y = 3 - -2. Let f(u) = -4*u**3 - 3*u**2 + 9*u - 3. Let i(x) = 5*x**3 + 2*x**2 - 10*x + 4. Let d(t) = -6*f(t) - 5*i(t). Is d(y) a composite number?
False
Let g(v) = v**2 + 2. Is g(-6) prime?
False
Let p(b) = -b**2 + 7*b + 2. Let j be p(7). Suppose q + q - 242 = -2*h, j*h = 4*q + 254. Is h composite?
True
Let k(b) = -b**2 + 6*b - 6. Let s be k(4). Let w be (1 - s)*(-8 + 3). Suppose -v = w*d - 55, -3*d = -5*v - 8*d + 275. Is v a prime number?
False
Let b be (1 - 3)*(3 + -301). Suppose -5*w + b = -2189. Is w a composite number?
False
Suppose 994 = -5*v + 7*v. Is v a prime number?
False
Suppose 0 = -0*c + 2*c - 1354. Is c a composite number?
False
Is ((-260)/3 - -2)/(4/(-6)) composite?
False
Let k(t) be the first derivative of 2*t**3/3 - 13*t**2/2 + 12*t + 3. Is k(9) a composite number?
True
Let u be 3/(-4) + (-180)/16. Is (-11 - -1)*u/8 composite?
True
Is 1 + 2 + 1618 + 0 composite?
False
Suppose -3777 = -4*q + q. Is q composite?
False
Is (-6)/(-8) - (-77990)/88 a composite number?
False
Let i be (-3 - (-20 - 2)) + -2. Suppose -5*u + 3*u - 3*q = -41, -2*q = -u + i. Is u composite?
False
Let c(p) = -2*p**2 - 6*p - 14. Let f(v) = v**2 + 2*v + 5. Suppose -3*o = o - 44. Let a(i) = o*f(i) + 4*c(i). Is a(2) prime?
True
Suppose -2*t = -5*d + 16, -5*t = -d - 2*d + 21. Let p(x) = 11*x - 5*x**3 + 11 - 3*x**d + 3*x**3 - 8*x**2 + x**3. Is p(-12) a prime number?
True
Suppose k + 44 = 2*z, -4*z = -5*k - 42 - 58. Is z + ((-3)/1)/3 composite?
False
Suppose 491 = 5*p + 26. Is p composite?
True
Suppose -z - z = -1158. Is z a composite number?
True
Suppose 3*w + 4*z = -44, -z - 10 = z. Let m be (w + 8)/(1*2). Suppose -3*o - 2*a = -81 - 16, m = -2*o + 4*a + 70. Is o a composite number?
True
Suppose 5*c = c + 340. Is c a composite number?
True
Let z be 2/(2*1/2). Suppose 6*v - 28 = z*v. Is v a composite number?
False
Suppose 6*n - 2*n - 532 = 0. Suppose 5*h + n - 698 = -5*u, -5*u + 337 = 3*h. Let d = 197 - h. Is d composite?
False
Suppose 1242 + 1193 = 5*j. Is j prime?
True
Suppose 0 = -8*g + 7829 + 9491. Is g composite?
True
Suppose 0 = -2*r - 0*r + 40. Suppose 2*b = 4*b - r. Is b a composite number?
True
Let r = -6 - -2. Let i(n) = -4*n**3 - n**2 - 4*n + 3. Is i(r) a prime number?
False
Suppose 7*k - 59 = 6*k. Is k a prime number?
True
Let m(w) = -4*w**2 - 5 - 2*w**2 + 0*w**3 + 2*w**3 + 2*w. Suppose 5*a - 5*j = -0*j + 30, -18 = -3*a + 4*j. Is m(a) a composite number?
False
Let z(a) = a**2 + 6. Is z(-7) a prime number?
False
Let n be -3 + 3 + -3 - -432. Let d = n - 280. Is d prime?
True
Suppose -4*m + 5 = -15. Suppose x = 4*z + 2, 3*x - m*z + 5 = x. Is (-4)/x - (-343)/5 a composite number?
True
Let c = -244 + 1035. Is c prime?
False
Let k be (4/(-8))/(1/24). Is 14/(-8)*(k + 0) composite?
True
Let u(p) = -2*p**3 + 2*p**2 - 1. Let i be u(-1). Suppose -i*y + 4*y - 2 = 0. Let q(n) = 9*n**2 - 3*n + 3. Is q(y) a prime number?
False
Let x(l) = -1 + 50*l**3 - 2*l**2 - 56*l**3 + 3*l**2 + l. Let m(k) = -k - 6. Let r be m(-4). Is x(r) prime?
False
Is -111*(-4)/(-20)*-5 composite?
True
Suppose -355 = 5*y - 5*j, 0*y + j - 141 = 2*y. Let f = -20 - y. Suppose -2*c - 3*c + f = 0. Is c a composite number?
True
Let p(c) = 2*c**2 + 2. Let v be (-2)/7 - (-32)/14. Let w be 9/6*v + -1. Is p(w) prime?
False
Let k be -6*(18/(-4) + 2). Let q = 7 - 7. Let f = k + q. Is f a composite number?
True
Suppose 3*p = 8*p, -2*y - 4*p = -4334. Is y prime?
False
Is (-2 + 3)/(1/497) a composite number?
True
Is (2/(-3))/(4*1/(-3786)) composite?
False
Let a = 1484 - -2375. Is a a prime number?
False
Let y(m) = -30*m - 73. Is y(-13) a prime number?
True
Let f(g) = 167*g - 3. Is f(2) composite?
False
Let v = 9 + -7. Suppose 0 = -0*o - v*o +